Let z(n) = -85*n - 20. Let l(m) = -16*m - 5. Let s(k) = -11*l(k) + 2*z(k). Determine s(11).
81
Suppose 3*p - 336 = -321. Let g(c) = 47*c - 240. Let x be g(p). Let u(i) = 5*i + 12. Determine u(x).
-13
Suppose 0 = -4*p - 112 - 4. Let v be (-23)/(-6) + p/6 + 5. Let x(k) be the third derivative of k**4/4 - k**3/2 + 9*k**2. What is x(v)?
21
Suppose -c + 8 = -2*m - 9, 0 = -c + 5*m + 5. Suppose 7*f + 31 + c = 0. Let v(r) = r**2 + 9*r + 9. Determine v(f).
1
Let c(l) = -l - 11. Let n = 228 - 252. Give c(n).
13
Let z(w) = 3*w**3 - w**2 - 4*w - 1. Let q(g) = -3*g**2 - 219*g + 1168. Let v be q(5). What is z(v)?
-21
Let p(r) = 2*r + 1965*r**2 - 3958*r**2 - r + 1972*r**2 - 2. Calculate p(2).
-84
Let g(u) = u**2 - 2*u - 33. Let l be g(9). Suppose 22*o = 28*o - l. Let d(i) = 2*i**3 - 11*i**2 + 5*i - 7. Determine d(o).
-7
Let l(c) = -3*c**2 + 3*c + 24. Suppose 39*q = -11*q + 55*q + 25. What is l(q)?
-66
Let t be 1940/(-120) + 15 - (-2 + (-2)/(-3)). Let r(d) be the second derivative of -3*d**2 - t*d**3 - 27*d + 0. Calculate r(5).
-11
Suppose 291*j - 10 = 281*j. Let x(z) = 5*z**3 + 51*z - 51*z - z**2. Calculate x(j).
4
Let u(r) = -r**2 - r + 26. Let d(i) = -8*i + 156. Let y be d(9). Suppose 43*l - y*l = -42*l. Give u(l).
26
Let c(x) be the third derivative of -x**6/120 - x**5/5 - x**4/12 - 6*x**3 - 9046*x**2. Calculate c(-12).
-12
Let a = -15 + 8. Let j = a - -2. Let z(g) be the third derivative of -g**4/24 - g**3/2 + 1138*g**2. Calculate z(j).
2
Let t be (-693)/189*(-144)/88. Let q(n) = 3*n**2 + 15*n - 5. Let v(w) = -w**2 - 7*w + 3. Let i(j) = -2*q(j) - 5*v(j). Calculate i(t).
-11
Let o(l) = 84*l**3 - 16*l**2 - 22. Let k(q) = -126*q**3 + 22*q**2 + 31. Let h(c) = 5*k(c) + 7*o(c). What is h(-1)?
41
Let m(z) = z**2 + 0*z**2 + z**2. Let u = -1582 - -662. Let c = u + 921. Give m(c).
2
Let g(x) = -16 - 3 - 5*x + 17*x**2 - 6*x**2 + 14. Calculate g(-2).
49
Let x(s) = s**3 - 13*s**2 - 14*s + 5. Suppose -8*m + 56 = -16. Suppose m*v - 8 = -2*q + 5*v, -5*q + 2*v = -80. Determine x(q).
5
Let b(r) be the third derivative of -r**5/60 - r**4/24 + 7*r**3/3 - r**2 + 869*r + 1. Give b(-10).
-76
Let w(m) = m**2 - 4*m - 2. Suppose -2*d - 70 = -76. Suppose d*t + 4*y - 7 = -3, 5*t = 3*y + 26. Determine w(t).
-2
Let z(u) = -12 - 4*u**2 - 1826*u - 11*u**2 + u**3 + 1827*u. What is z(15)?
3
Let t(h) be the second derivative of -h**3/6 - 4*h**2 - 3963*h. Let s = 8 - 5. Let a be -5 - s*1/3. Give t(a).
-2
Let g(w) = -w - 3 - w**2 + 1 + 0*w**2 - 3*w. Let n be (-69)/(-92) + 1/(4/(-27)). Let s = n + 2. What is g(s)?
-2
Let h(l) = 3*l - 3. Let m(x) = -8*x + 5. Let w be (-315)/(-90) + 2/(-4). Let o(z) = w*m(z) + 5*h(z). Give o(-3).
27
Suppose 2*s + 3*d = -0*d - 16, 3*s - 2*d + 11 = 0. Let c = -2634 - -22950. Let h(b) = 8 - c*b + 20317*b + 2. Give h(s).
5
Let h(i) be the second derivative of i**4/12 + 10*i**3/3 + 4*i**2 + 814*i. Calculate h(-22).
52
Let u(a) = -a**2 + 9*a - 8. Let v be (-806)/13 - 1/(2/6). Let m = 68 + v. Suppose 4*x - q = -0*q + 27, x + m*q + 3 = 0. Determine u(x).
10
Suppose 2*l - d - 20 = -2*d, 10 = l + d. Let g(t) = 4*t - 41. What is g(l)?
-1
Let g(w) = w + 20. Let t(j) = j**3 + 16*j**2 + 16*j + 15. Let l be t(-15). Suppose 5*h + q + 61 = 0, l*h = -3*h + 5*q - 31. Calculate g(h).
8
Let h(d) be the first derivative of -d**2/2 - 12*d + 6. Let l = 80 + -78. Suppose -l*n = 10, o - 3*n - 12 + 5 = 0. Determine h(o).
-4
Let m = -63 + 51. Let r be (-308)/(-6) + m/9. Let n(h) = -r*h + 11 + 49*h + 2. Determine n(6).
7
Suppose -57*x - 784 = -442. Let l(b) be the second derivative of b**3/2 - 3*b**2 - b. Calculate l(x).
-24
Let m(p) = 12*p**3 + 54*p**2 + 132*p - 43. Let b(y) = 17*y**3 + 81*y**2 + 199*y - 65. Let u(r) = 5*b(r) - 7*m(r). Calculate u(-24).
0
Let h be 69/(-115)*(0 + -5). Let c(u) = 3*u**3 - u**2 - 4. What is c(h)?
68
Let r(p) be the third derivative of p**7/2520 + p**6/80 + p**5/60 - 35*p**3/3 + 2*p**2 + 139*p. Let g(f) be the third derivative of r(f). Calculate g(-7).
-5
Let q(u) = 5*u - 101. Let h(m) = -4*m + 67. Let i(f) = 8*h(f) + 5*q(f). What is i(6)?
-11
Suppose 365 = -4*z + 381. Let n(p) = -p**3 + 11 - p - z*p**2 + 20*p**2 - 17*p**2 + 5. Calculate n(0).
16
Let u be (-1 + (1 - 4 - -2) + 1)*-3. Let p(o) be the first derivative of -o**2/2 + 1. Give p(u).
-3
Let j(h) = -2*h**3 + 329*h**2 - 494*h + 823. Let y be j(163). Let f(b) be the third derivative of b**6/120 - 2*b**5/15 + b**4/24 - 2*b**3/3 - b**2. Give f(y).
4
Let p(a) = a + 6. Let s be 206/(-3) + 1/(-3). Let w be 6/4 + (4/(-11) - 10712/(-176)). Let h = w + s. Give p(h).
-1
Let t(k) = -k**3 - 5*k**2 - 2. Let p = -75 + 92. Suppose -7 - p = -3*g. Suppose 3*v + 3*c + 12 = g*c, 5*v + 5*c + 20 = 0. Give t(v).
-18
Suppose -8*u = -10*u + 8. Let c(i) = -4*i - 8*i + 4*i - u - i**2. Give c(-7).
3
Let c(l) = -l**3 - 13*l**2 - 7*l + 40. Let u be 4 - (-9 - -14 - -11). Give c(u).
-20
Let h(l) = -l**2 + 3*l + 9. Let x be h(3). Let q(k) = -8*k + 73. Let a be q(x). Let y(g) = 4*g**3 - g**2 + 2*g - 1. Calculate y(a).
4
Let i(l) be the first derivative of l**3/3 + 2*l**2 - l + 14. Let t(s) = -s**3 + 5*s**2 + 6*s - 3. Let w be t(6). Give i(w).
-4
Let u(n) be the first derivative of -n**3/3 + n**2/2 + 7*n + 15. Let j = 13 - 10. Suppose -5*z + 4*d = -16, -12 = -j*z - d + 4*d. Calculate u(z).
7
Let b(s) = -2*s**2 - 2. Suppose -4 = -6*l + 32. Let y be ((-18)/15)/(l/(-20)). Suppose y*u - z - 14 = -4*z, -5*z = 2*u - 14. Determine b(u).
-10
Let a(u) = -9*u - 116. Suppose -264 = 12*h + 8*h + 2*h. Give a(h).
-8
Let p be (-3)/(-3)*(2 - -1). Suppose 0 = 44*r - 6*r - 76. Let q(s) = r*s + 1 - 5*s**2 - 1709*s**3 + 1 + 1710*s**3. Give q(p).
-10
Let l(x) = -14*x + 1. Suppose 0 = a + 3*y - 29, -3*a + 0*a = 4*y - 72. Suppose 2*w + 3*w - a = 0. Suppose -5*j - 4 - 4 = -2*z, 5*z = -w*j - 13. What is l(z)?
15
Let t(r) = -5*r**3. Let m(c) = 8 + 6*c - 10*c + 1 - 6*c. Let n be m(1). Calculate t(n).
5
Let p(x) = -14*x - 4. Let q(r) = 12*r + 3. Let z(w) = 4*p(w) + 5*q(w). Calculate z(-2).
-9
Let w(x) = -3*x - 8. Let n(m) = 4*m + 10. Let y(d) = -4*n(d) - 5*w(d). Calculate y(-2).
2
Let b(d) = -1563*d + 760*d + 809*d + 4. Suppose 20 = -5*t - 0. Calculate b(t).
-20
Let i(x) = 2*x**2 + 17*x + 41. Suppose 22*f - 65*f = 73*f + 348. Determine i(f).
8
Let h(d) = d**2 - 12*d + 22. Suppose 3*q = -2*w + 4, -2*q - 88 + 104 = 3*w. Determine h(w).
-10
Let q(z) = 152 + 6*z - 67 - 43. Let r be q(-8). Let s(u) be the first derivative of -u**2/2 - 5*u + 1. Determine s(r).
1
Let f(b) be the second derivative of -b**5/20 + b**4/2 + b**2 - 44*b. Suppose 15*p - 3*p - 36 = 0. Suppose h + p*c = -9, -33 = 4*h - 5*c - 82. Determine f(h).
2
Let n(v) = -10*v**3 + 5*v**2 - 18*v - 60. Let q(z) = 2*z**3 - z**2 + 4*z + 13. Let s(r) = -4*n(r) - 19*q(r). Give s(-3).
-58
Let r(v) be the second derivative of 17*v**3/6 + 59*v**2/2 - 4186*v. Give r(-3).
8
Let y(g) = -14*g**2 + g. Let z = 106 - 101. Suppose -5*w + 40*l = 44*l - z, 4*l = 0. Determine y(w).
-13
Let l = 12 + -18. Let g(h) = -10*h - 20693. Let b(m) = -3*m - 5912. Let v(o) = -7*b(o) + 2*g(o). Determine v(l).
-8
Let j = -23 - -26. Let n(r) = -r + 5. Let x be n(j). Let a(c) = 2 - x*c - 4 + 1 - 5. What is a(-5)?
4
Suppose p - 2*p + 2*d = -13, 5*p + d - 10 = 0. Let v(j) = 3*j + j**2 - 2*j**2 - 7*j + 35*j**p + 3*j. Give v(-1).
-35
Let x(h) = -h**3 - 10 - 54*h + 114*h - 63*h + 6*h**2. Let i be x(5). Let w(f) = -f. What is w(i)?
0
Let k(h) = 9*h**2 + 2. Let v(i) = 55*i**2 - 12*i + 31. Let b(t) = 6*k(t) - v(t). Determine b(5).
16
Let z(k) be the first derivative of -k**2 - 3*k - 1. Let j(i) = -2*i - 8. Let r(v) = -3*v - 13. Let w(t) = 7*j(t) - 5*r(t). Let y be w(-6). Determine z(y).
-9
Let z(o) = o**3 - 2*o**2 - 2*o + 3. Let p(i) = 4*i - 6. Let b be p(2). Suppose -2*u - b = -4*u. Suppose -u = w - 3. Give z(w).
-1
Let y(l) be the third derivative of -l**4/24 - 2*l**3/3 - l**2. Let s be 7*(4 + 44/(-14)). Suppose -8*f + s - 30 = 0. Determine y(f).
-1
Suppose -4*w + 5*h = -152, 5*w - 2*w - 5*h - 109 = 0. Let g = w - 45. Let u(n) = n - 4. Calculate u(g).
-6
Let h = 5 + -1. Suppose -30 = r + h*r. Let n(z) be the third derivative of -z**5/60 + 7*z**3/6 - 17*z**2 - 78*z - 5. What is n(r)?
-29
Suppose 3*u = 3*f, 0 = -f - 4*u + 6*u + 3. Let l(i) = i**3 + 5*i**2 + 3*i - 3. Determine l(f).
6
Suppose -1674 = -31*r + 13*r. Suppose -3*k - 68 = 2*y, k = -4*k